e?
True
Is 26988509347 prime?
True
Is 11090883235 a composite number?
True
Is 4787457113 a prime number?
False
Is 768179341 prime?
True
Is 595553281 a composite number?
True
Is 111644207 prime?
False
Is 901231987 a composite number?
True
Is 9323802083 prime?
True
Is 66898321337 composite?
False
Is 17386159871 prime?
False
Is 4657079957 composite?
False
Is 5107065511 a composite number?
False
Is 39059850649 a prime number?
True
Is 551891131 composite?
True
Is 46655307043 composite?
True
Is 5205597473 composite?
False
Is 8209118339 a composite number?
True
Is 108786869 composite?
False
Is 27026595527 a composite number?
True
Is 15354728413 a prime number?
False
Is 2209025219 composite?
False
Is 1795532969 composite?
False
Is 583616567 a composite number?
False
Is 7053432863 a composite number?
True
Is 506975657 a composite number?
False
Is 10389382973 a composite number?
False
Is 1373527979 a composite number?
False
Is 31684426 a prime number?
False
Is 1457744779 a prime number?
True
Is 1808537611 composite?
False
Is 11674401241 a prime number?
True
Is 74205077803 a composite number?
True
Is 1332867241 a prime number?
True
Is 18766101617 a composite number?
True
Is 397947386 a prime number?
False
Is 2273012281 composite?
True
Is 15873956717 a prime number?
True
Is 17477390111 a composite number?
False
Is 2187649297 prime?
True
Is 3057869231 composite?
False
Is 16687585267 composite?
True
Is 1103068031 prime?
False
Is 7939534487 composite?
True
Is 3100656287 a composite number?
True
Is 344498963 a prime number?
False
Is 11194695383 prime?
True
Is 1288840537 composite?
True
Is 5774617487 a prime number?
True
Is 10383426089 a composite number?
False
Is 37342519961 prime?
False
Is 248280793 composite?
False
Is 15324701251 composite?
True
Is 1121424523 prime?
True
Is 1558071223 prime?
True
Is 88709334281 a prime number?
True
Is 2938119733 composite?
False
Is 523650563 composite?
False
Is 29954786473 prime?
False
Is 1282582843 a prime number?
False
Is 975693239 a prime number?
False
Is 5612868211 prime?
False
Is 10930032667 a composite number?
True
Is 75798521 prime?
True
Is 4510119239 a prime number?
False
Is 142841431 composite?
True
Is 8614850003 composite?
True
Is 1212809161 prime?
False
Is 893313419 composite?
True
Is 485849591 a prime number?
False
Is 9327741161 composite?
True
Is 99477055537 a prime number?
True
Is 2643882853 a composite number?
False
Is 5242439219 a prime number?
False
Is 2886148847 prime?
True
Is 31015895037 composite?
True
Is 276426583 prime?
False
Is 501733177 composite?
True
Is 4598235331 a prime number?
False
Is 3079093063 a prime number?
True
Is 29043700429 composite?
True
Is 119375414855 composite?
True
Is 18218141381 a prime number?
False
Is 24680223902 a prime number?
False
Is 7728766663 composite?
True
Is 42192820321 composite?
True
Is 249378461 prime?
True
Is 44612461 a prime number?
True
Is 152636314777 a prime number?
False
Is 8592774481 a prime number?
False
Is 2772034666 composite?
True
Is 79371420157 a composite number?
True
Is 628386203 a composite number?
False
Is 643840123 composite?
True
Is 200084012761 a composite number?
False
Is 1061145637 a prime number?
True
Is 67406771 prime?
True
Is 9696915869 composite?
False
Is 1650614087 composite?
False
Is 3449165791 composite?
False
Is 7876828007 composite?
False
Is 1483434457 a prime number?
True
Is 22797793 a composite number?
False
Is 426076798063 a prime number?
False
Is 6287026189 prime?
True
Is 69660042869 a composite number?
True
Is 2035205611 prime?
False
Is 1873363523 a prime number?
False
Is 1276308169 a composite number?
False
Is 3907604509 a composite number?
True
Is 9255023 a prime number?
True
Is 3040765633 a composite number?
True
Is 15728847187 prime?
False
Is 71348647 a prime number?
True
Is 170829419 prime?
True
Is 1100378353 a composite number?
False
Is 183408422 a prime number?
False
Is 104337280001 a prime number?
True
Is 9485844029 a composite number?
False
Is 76406042017 a composite number?
False
Is 2243378113 a prime number?
True
Is 214235591 a composite number?
False
Is 167187773 composite?
False
Is 23919576965 composite?
True
Is 375211337 a prime number?
False
Is 20001065873 composite?
False
Is 566543689 a composite number?
False
Is 4941914867 a composite number?
False
Is 828237139 composite?
True
Is 18850424683 a composite number?
True
Is 1818258803 a composite number?
True
Is 8601653537 a prime number?
True
Is 1318785101 composite?
False
Is 848481 prime?
False
Is 704870697 prime?
False
Is 141449719 a prime number?
True
Is 160976633617 a prime number?
False
Is 39265895551 a prime number?
True
Is 779997871 a prime number?
True
Is 1386856199 prime?
True
Is 3970201363 composite?
True
Is 8800874531 a prime number?
True
Is 1607088641 prime?
True
Is 11441726063 a composite number?
True
Is 746836709 a prime number?
False
Is 2224994939 a composite number?
True
Is 54542622831 a composite number?
True
Is 25094015831 composite?
True
Is 47191 prime?
False
Is 72061031039 composite?
False
Is 66103704386 composite?
True
Is 139125218839 prime?
True
Is 25045233559 a composite number?
True
Is 4647720089 a composite number?
False
Is 1254787043 a prime number?
False
Is 407763439 a prime number?
True
Is 2098599865 composite?
True
Is 8116148422 prime?
False
Is 165017335349 prime?
True
Is 70967979959 composite?
False
Is 58848039793 a composite number?
True
Is 1186156273 composite?
True
Is 488956951 composite?
True
Is 2423344747 prime?
False
Is 2564539162 prime?
False
Is 40241678431 prime?
False
Is 398772691985 composite?
True
Is 1718646731 composite?
True
Is 7395012701 composite?
True
Is 69110893769 a composite number?
False
Is 2142382171 a prime number?
True
Is 27783521459 composite?
False
Is 471807617 prime?
True
Is 4888025509 prime?
True
Is 56357207 a composite number?
False
Is 31279242129 composite?
True
Is 1092560299 a prime number?
False
Is 120387873371 a composite number?
True
Is 22276667377 prime?
True
Is 347086373 prime?
False
Is 1740708059 composite?
False
Is 9006930349 a prime number?
False
Is 119609003 prime?
False
Is 10039367881 a composite number?
True
Is 1175018213 a prime number?
False
Is 17730330439 prime?
False
Is 3426829123 composite?
False
Is 2086670623 composite?
False
Is 1372042127 a prime number?
False
Is 661883626 composite?
True
Is 71829551 composite?
False
Is 94998949303 prime?
False
Is 2383536181 prime?
False
Is 1895817517 a composite number?
True
Is 18492213851 prime?
False
Is 29427345157 composite?
True
Is 280937417 composite?
False
Is 22339231349 prime?
False
Is 900411913 prime?
False
Is 151773732049 a composite number?
True
Is 3055505303 prime?
False
Is 2184610117 a prime number?
True
Is 20794489519 composite?
False
Is 5260033399 a prime number?
False
Is 91167136691 prime?
True
Is 249125119 composite?
True
Is 164782151 a composite number?
False
Is 5999587463 composite?
False
Is 25377337187 prime?
True
Is 1514065295 composite?
True
Is 60716925419 a composite number?
True
Is 1100431139 composite?
False
Is 478873883 composite?
True
Is 131974847 a composite number?
True
Is 687880117 composite?
True
Is 120920838959 a prime number?
False
Is 6478592077 composite?
True
Is 58896796103 composite?
True
Is 830069 a composite number?
True
Is 30932551151 a composite number?
False
Is 3974140693 a prime number?
False
Is 3129911 a composite number?
False
Is 451438378 a prime number?
False
Is 36910639393 composite?
False
Is 6381476149 composite?
True
Is 7349375471 prime?
False
Is 294668767 a prime number?
True
Is 561812497 a composite number?
False
Is 319952173 composite?
True
Is 407780171 a prime number?
False
Is 48460754899 composite?
True
Is 565348961 a composite number?
True
Is 23720840291 a composite number?
False
Is 9875026715 composite?
True
Is 3643376953 a composite number?
False
Is 24450268187 a composite number?
False
Is 2803784327 a composite number?
False
Is 669582047 composite?
True
Is 3931894433 a prime number?
False
Is 641300119 a prime number?
False
Is 7698442621 a prime number?
True
Is 17064249019 a composite number?
False
Is 20477960539 prime?
True
Is 140530281 a prime number?
False
Is 7727154049 a composite number?
True
Is 823574483 prime?
True
Is 17896845137 prime?
True
Is 395668723 a composite number?
True
Is 2810413523